3)*r. Determine v(n).
10
Let h be 17/4 + (-1)/4. Suppose 2*s = 5*s - 6. Let y(j) = 9 - h + 5*j**s + j**3 + 2*j - j. Calculate y(-5).
0
Let d(p) = 4*p - 35. Let w(v) = -4*v + 30. Let k(u) = 5*d(u) + 6*w(u). What is k(4)?
-11
Let t(v) be the third derivative of -v**5/60 + v**4/8 + 5*v**3/6 + 57*v**2. Calculate t(4).
1
Let w(l) = -81*l - 10 - 82*l - 76*l + 243*l. Determine w(3).
2
Suppose -10*s = -12*s + 10. Suppose 11 = -5*h - b + 56, -s*h + 45 = -2*b. Let j = 16 - h. Let a(q) = -q**2 + 8*q - 8. Calculate a(j).
-1
Let g(h) be the third derivative of h**6/120 - 7*h**5/60 + h**4/6 + h**3/2 - h**2. Suppose -9 = n - 4*n. Let o be -3*2/n - -8. Calculate g(o).
-9
Let r(a) = a**2 + 10*a + 4. Let l = 327 + -335. Give r(l).
-12
Let u = -20 + 22. Let f(s) = -8*s + 28*s**2 + 27*s**2 - 56*s**u - 7. Calculate f(-5).
8
Let d(k) = k**2 + 52*k - 1173. Let z be d(-69). Let o(f) = 2*f**2 + 4*f - 3. Let u(n) = 3*n**2 + 5*n - 4. Let a(p) = -4*o(p) + 3*u(p). Determine a(z).
0
Let i(r) = r**3 - 10*r**2 - 2*r + 23. Let u be 16/(-18) + (-882)/(-81). Determine i(u).
3
Let z = 119 - 118. Let g(i) be the first derivative of 3*i**2 + 58 - 60 + 2*i - 3*i. Determine g(z).
5
Let s(h) = h**3 - 4*h**2 + 2*h + 3. Suppose -3*z + 18 = 6. Suppose 0 = -z*t + 2 - 6, t = 4*l - 13. What is s(l)?
0
Let d(h) = -h - 6. Suppose 2*o - 1 = 9. What is d(o)?
-11
Let v(o) = o**3 + 15*o**2 - 15*o + 17. Suppose -2*p - 3*y - 60 = p, -5*p - 84 = y. Calculate v(p).
1
Let x(b) = 9*b - 1. Let w = 2280 + -2278. Give x(w).
17
Suppose 2*c = -4, -4*g = 5*c + 15 - 1. Let y = 1 + g. Suppose y*z - 10 = 2*m + 2*z, -20 = 4*m + 3*z. Let v(l) = l + 2. What is v(m)?
-3
Suppose 5*p - 86 = 2*f, -4*p + 3*f + 64 = -f. Let b = p + -10. Suppose -4*a = -v + 3*v - 8, a + b = -3*v. Let y(w) = -w + 2. Calculate y(a).
-2
Let v = 2 + 11. Let y(u) = v + 0 - 9 - 6*u**2 + u**3. Give y(6).
4
Suppose -4*f = -n - 65, -f - 41*n + 38*n = 0. Let h(d) = 2*d - 28. Determine h(f).
2
Let g(p) be the first derivative of -2*p - 1/2*p**2 - 2 + 1/4*p**4 + 1/3*p**3. Calculate g(2).
8
Let l(w) be the second derivative of w**5/20 + 5*w**4/4 + 2*w**3 - w**2 + 739*w - 1. What is l(-14)?
26
Let n(i) = 2*i - 20. Let q be n(11). Let z(p) = -6*p**2 - 2*p - 3*p + 4 - p**3 - q. What is z(-4)?
-10
Let m(v) be the third derivative of v**4/6 - 25*v**3/6 - 72*v**2 - 2*v. Determine m(7).
3
Let q(h) = 15 + h - 1 + 6. Calculate q(-10).
10
Let h(m) be the second derivative of -m**5/20 - 7*m**4/12 - 4*m**3/3 - m**2/2 - 3*m. Suppose 5*i + 19 = -4*w, -5*i + 2*i + 9 = -w. Calculate h(w).
11
Let i(v) = v**3 - 7*v**2 + 8*v - 6. Let o = 17 - 21. Let g be ((-4)/(-2) - -5) + (o - -3). What is i(g)?
6
Let l(c) = 11*c**2 + 29*c - 10. Let a(v) = v**2 - 17*v - 1. Let y(x) = -x**2 + 8*x + 1. Let j(z) = -6*a(z) - 11*y(z). Let b(r) = 13*j(r) - 6*l(r). Give b(8).
-5
Let b(z) be the first derivative of -z**4/8 - z**3/6 + z**2 + 4. Let i(n) be the second derivative of b(n). Let r be i(-1). Let k(g) = -7*g + 3. Give k(r).
-11
Let h(d) = 2*d - 1. Let l(q) = 11*q - 2. Let i(j) = 2*h(j) - l(j). Let c(x) = 11*x + 1. Let v(k) = 5*c(k) + 8*i(k). Calculate v(3).
2
Let w(v) be the second derivative of v**5/20 + 5*v**4/12 - v**3 - 5*v**2/2 + 5*v + 6. Give w(-6).
-5
Let d(q) = 0*q**3 + 0*q**3 - 5*q**2 - 2 + 0*q**3 - q**3 + 2*q. Suppose 0 + 5 = -v. Determine d(v).
-12
Let m(h) be the second derivative of 5*h + 0 + 1/3*h**3 + 1/2*h**2 - 5/12*h**4. Give m(-1).
-6
Suppose 0 = -4*p + 39 - 27. Let s(h) = -2*h**2 - 4*h + 3. Calculate s(p).
-27
Let f(b) = -4*b + 10*b**3 + b**3 - 15*b**3 + 5*b**3 + b**2 - 2*b**2. What is f(3)?
6
Let i(q) = -63*q**2 + 127*q**2 + 5*q - 66*q**2. Give i(4).
-12
Let g(n) = -107 - 127 + 219 + n. Calculate g(8).
-7
Let z(v) = 63*v**3 + v**2 - v - 7. Let h(g) = 125*g**3 + 2*g**2 - 2*g - 12. Let m(r) = 4*h(r) - 7*z(r). Determine m(1).
60
Let l = 24 - 46. Let h = -15 - l. Let y(c) = 11*c**2 - 7*c**2 - h*c**2 - 1 - c. Calculate y(-1).
-3
Let a(i) = i - 1. Let n = -69 + 72. Let o be (-4 + 6)*1*-2 + n. What is a(o)?
-2
Let n = 7 - 7. Suppose 2*f + 2*p - 18 = n, 3*p + 3 - 12 = 0. Let v(w) = 0 - 2 + w + f - 2*w. What is v(0)?
4
Let d be (36/(-81) + 2/(-9))*3. Let s(a) = a**3 + 12*a + 2*a**2 - 11*a + 1 + 2*a**2. What is s(d)?
7
Let y(s) be the second derivative of s**4/12 + 3*s**2/2 - 568*s. Give y(0).
3
Suppose 0 = 3*t + a - 8, -5*t + 2*a + 21 = 4. Suppose t*v - 3 = 2*v. Let b be (-7)/((-7)/2) - v. Let z(c) = -c**2 - c - 1. Give z(b).
-1
Let t(o) = -280*o**3 + 8 + 7*o**2 + 139*o**3 + 0*o + 6*o + 142*o**3. Give t(-6).
8
Suppose 2*i - 4*i - 14 = -5*v, -3*v - 35 = 5*i. Let q(b) = -b - 5. Let c be q(i). Let k(p) = 8 - c*p + 2*p - 3 + 2*p. Give k(-4).
-3
Let l(f) = -f + 2. Let d(n) = 5*n - 19. Let x(i) = -d(i) - 6*l(i). Calculate x(-7).
0
Let o(r) = 4*r**3 - 6236*r + 4*r**2 + 6238*r + r**3. Determine o(-2).
-28
Let n(x) = 5 + 2 + x + 2 - 4 - 2. Calculate n(-4).
-1
Let x(v) = -v**2 + 10*v - 16. Suppose i = k + 12, 4*k - 5*k - 36 = -4*i. Determine x(i).
0
Let x(p) = 5*p - 13. Let b be x(3). Suppose -3*m = -b*m - 3. Let c(w) = 2*w**2 - 2*w - 2. What is c(m)?
10
Let z(b) = 0*b**2 + 2*b**2 - 2*b**2 + b**2 - 3*b - 3*b**2 - 3. Calculate z(-3).
-12
Let i(r) = -7*r**3 + 7*r**2 + 19*r - 10. Let j(y) = 4*y**3 - 4*y**2 - 11*y + 5. Let u(f) = -5*i(f) - 9*j(f). Calculate u(-4).
69
Let s = 46 - -45. Let u be ((-6)/(-14))/(13/s). Let k(q) = 3*q**2 - q + 2. Determine k(u).
26
Let q(u) = -u**2 + 15*u - 14. Let l be q(12). Let y = -17 + l. Let g(o) = 18*o + y + 0 - 4 - 2. What is g(-1)?
-19
Let p(i) = -i**3 - i**2. Let o be 1/(-5) - (-80)/25. Suppose 2*j - 7*j + d = -12, o*j = 3*d. Suppose j*a + 9 = 2*w, 4 = -5*w + 4*a + 16. What is p(w)?
0
Let j = 2 - 6. Let f(r) be the first derivative of -r**2 + r + 18. Determine f(j).
9
Suppose 5*t + 5 + 7 = -2*x, 4*x + 12 = -4*t. Let l be 5 + 1/(0 - x). Let b(p) = -17 + 0*p - p - 28 - p**2 + 36 + 8*p. Give b(l).
-3
Let z(p) = -14*p**2 + 13*p + 17. Let w(i) = 5*i**2 - 4*i - 6. Let a(u) = 11*w(u) + 4*z(u). Let m be (-3)/((-60)/104) + (-32)/(-40). What is a(m)?
14
Let z be 4/(-10) + (6/60)/(8/272). Let j(s) = 2*s**3 - 5*s**2 - s + 8. Let m(w) = -w**3 + 2*w**2 + w - 4. Let a(p) = 3*j(p) + 5*m(p). Determine a(z).
-8
Let d(r) = -10*r + 0*r + 17 + 1 - 2*r**2 - 9. Determine d(-9).
-63
Let s = 31 + -29. Let y(g) = s*g**2 + 5*g - 1 - 5*g + 7*g**3 + 0*g. Calculate y(-1).
-6
Let x(r) = -r**2 - 16*r + 0*r**2 + 19*r + 2 + 0*r**2. Let n = 1 - -2. Calculate x(n).
2
Let m(o) be the second derivative of o**4/3 - o**3/6 - o**2 - 69*o. What is m(2)?
12
Let r(y) be the first derivative of y**4/12 - 5*y**3/6 + 3*y**2/2 - 3*y - 11. Let d(l) be the first derivative of r(l). Give d(5).
3
Let a(q) = -q + 2. Let g be a(4). Let n(h) = 19 - 3*h - 12 + 9 - 17. What is n(g)?
5
Let c(m) be the third derivative of -m**6/120 + m**4/24 + 7*m**3/3 + 5*m**2 + 7. Determine c(0).
14
Let d(i) = -i - 1. Let o(s) = -7*s + 37. Let w be o(6). Calculate d(w).
4
Let b(d) = d**2 + 20*d + 19. Let t = -2342 - -2324. What is b(t)?
-17
Let r(u) = 2 - u - 5*u**2 + 4*u**2 - 1 + 0*u**2. Let w(x) = 3 - 7*x**2 - 2 + x + 0*x. Let c(l) = 6*r(l) - w(l). Give c(4).
-7
Let k(d) = d**2 + 4*d - 6. Suppose -72*p - 2 = -73*p. Let q be k(p). Let g(f) = -f**3 + 5*f**2 + 4*f - 8. What is g(q)?
-20
Let i be (-3)/18 + 1*13/6. Let n(g) = g + 4*g**i + 4*g**2 + 7*g - 9*g**2 - 8. Give n(6).
4
Let r = 2 - -4. Suppose -4*c - q = 26, 3*c + 16 = -2*q - r. Let w = c - -8. Let m(i) = 2*i**3 - 4*i**2 + 4*i - 3. Calculate m(w).
5
Let q be 58/6 - (-5)/15. Let x(s) = 18*s**2 + q - 9*s - 19*s**2 - 3. What is x(-7)?
21
Let u = 2 + -1. Let w(o) = u - 2*o + 0*o - 2*o + 3*o. Let d be (-126)/(-12)*(-1 + 1/3). Give w(d).
8
Let r(k) be the first derivative of -k**2 + 15*k + 1. Let i be r(10). Let n(j) = j**3 + 4*j**2 - 3*j - 3. Determine n(i).
-13
Let k(h) = -h**3 + 2*h**2 + 3*h - 4. Let v(i) = 4*i**3 - i**2. Let y = -12 + 8. Let z be (-1*(-4)/y)/(-1). Let x be v(z). Determine k(x).
-4
Let s(c) = -13*c**2 - 8 + 11*c**2 + 9 + c**2. Give s(3).
-8
Let y(c) = -c**3 - 3*c**2 - 4*c - 4. Let o be (9 + -4)*(-4)/(-5). Suppose -2*g - 4 = v, -2*g + o*v = 14 - 0. Give y(g).
8
Let f = -12 + 13. Suppose 0 = -u - 0 + f. Let k(x) = -x**3 - 6*x**2 - 6*x + 4. Let l(q) = q**3 + q**2 + q - 1. Let h(i) = u*k(i) + 4*l(i). Give h(2).
12
Let g(q) = q**3 - q**2 + q + 5. Let 